419085115 prime?
False
Is 16237121 a prime number?
False
Is 88713355 prime?
False
Is 10781711 a prime number?
False
Is 907259 a composite number?
False
Is 272606531 a prime number?
True
Is 25945037 a composite number?
True
Is 1471784453 prime?
True
Is 94234667 a composite number?
False
Is 133705127 a composite number?
True
Is 34320133 a composite number?
True
Is 364739 a composite number?
False
Is 74545579 prime?
True
Is 401730847 a prime number?
False
Is 55930739 composite?
False
Is 738953 prime?
True
Is 30151 a prime number?
False
Is 24841811 prime?
False
Is 10423433 a prime number?
True
Is 836149 prime?
True
Is 66239 prime?
True
Is 8978599 prime?
False
Is 21482029 prime?
True
Is 160246313 prime?
False
Is 158471429 composite?
False
Is 25764177 prime?
False
Is 1606081 composite?
False
Is 630083 a composite number?
True
Is 6427433 composite?
False
Is 4507221 prime?
False
Is 4618987 prime?
True
Is 180898199 a prime number?
False
Is 621142289 composite?
True
Is 2597279 composite?
False
Is 13535185 prime?
False
Is 83622977 a prime number?
True
Is 285004801 prime?
False
Is 3679751 a prime number?
True
Is 88110067 composite?
True
Is 7501579 composite?
False
Is 15551891 a prime number?
True
Is 1392293 composite?
True
Is 23869957 composite?
False
Is 6463339 composite?
True
Is 141996947 a composite number?
True
Is 9074269 a composite number?
False
Is 59675051 a prime number?
True
Is 41748053 a composite number?
True
Is 346116943 prime?
False
Is 14012917 a composite number?
False
Is 1273230509 a composite number?
False
Is 485561 composite?
True
Is 157873 composite?
True
Is 2869313 composite?
True
Is 442322362 composite?
True
Is 3697207 a composite number?
False
Is 35757881 composite?
True
Is 4595809 a prime number?
True
Is 1523155 prime?
False
Is 45711547 composite?
True
Is 855667 prime?
True
Is 154487 a composite number?
False
Is 11939527 composite?
False
Is 5035711 a composite number?
False
Is 338873011 prime?
True
Is 1952851 prime?
True
Is 11964077 a prime number?
False
Is 1326847 a composite number?
True
Is 221021 a composite number?
False
Is 745379 prime?
True
Is 246437 prime?
False
Is 8298857 composite?
True
Is 369921 prime?
False
Is 5772387 prime?
False
Is 3415679 a composite number?
False
Is 33314933 composite?
False
Is 13315837 a composite number?
True
Is 965323 prime?
False
Is 8669729 a composite number?
True
Is 173010563 a composite number?
True
Is 536174593 prime?
True
Is 288847963 a composite number?
True
Is 4558781 a composite number?
False
Is 1829731 composite?
True
Is 23265233 a composite number?
False
Is 200256197 composite?
False
Is 536765767 prime?
True
Is 39894901 prime?
True
Is 78218467 a prime number?
True
Is 4536019 prime?
True
Is 39914201 a composite number?
True
Is 199571 prime?
False
Is 1007297 prime?
True
Is 45892321 prime?
False
Is 251542619 a composite number?
False
Is 5660891 composite?
True
Is 4265515 a prime number?
False
Is 1887653 prime?
False
Is 80148649 a composite number?
True
Is 2299727 prime?
True
Is 86447443 a prime number?
True
Is 6116039 a composite number?
True
Is 6929729 a prime number?
True
Is 10374629 composite?
True
Is 803119 composite?
False
Is 5561957 a composite number?
True
Is 236974513 composite?
False
Is 1279379 a prime number?
False
Is 838191 composite?
True
Is 10654285 prime?
False
Is 210943741 a composite number?
True
Is 78050411 a composite number?
False
Is 1126285 a composite number?
True
Is 373411 prime?
False
Is 112007 a prime number?
False
Is 861828041 a composite number?
False
Is 48036493 composite?
False
Is 325440989 a composite number?
False
Is 87697 a prime number?
True
Is 29897891 a prime number?
True
Is 38727949 composite?
True
Is 7929445 prime?
False
Is 1594145401 a prime number?
False
Is 73805014 composite?
True
Is 23614837 a prime number?
False
Is 6583561 a composite number?
False
Is 1082291 composite?
True
Is 14028941 a composite number?
True
Is 85593373 a composite number?
True
Is 39131453 a prime number?
True
Is 60169211 a prime number?
True
Is 13066033 a prime number?
False
Is 17531197 a prime number?
True
Is 282661 a composite number?
False
Is 17543431 prime?
True
Is 22835287 composite?
True
Is 4612789 a prime number?
True
Is 866293 a prime number?
True
Is 28991 a composite number?
True
Is 399970573 composite?
True
Is 820597 composite?
False
Is 9328309 a composite number?
True
Is 127637617 a prime number?
True
Is 32157871 a composite number?
False
Is 27371629 a prime number?
False
Is 12712187 prime?
True
Is 152400163 a prime number?
True
Is 63198983 a composite number?
False
Is 38184191 a composite number?
False
Is 8404017 a prime number?
False
Is 135551935 a prime number?
False
Is 30619277 prime?
False
Is 139179927 a prime number?
False
Is 54042683 prime?
True
Is 9570641 composite?
False
Is 48949517 composite?
False
Is 1266266 a prime number?
False
Is 937723 composite?
True
Is 1088705597 a prime number?
False
Is 16603001 a composite number?
False
Is 6356533 prime?
False
Is 27108759 a composite number?
True
Is 11079619 a composite number?
False
Is 91383133 a composite number?
True
Is 664109 composite?
False
Is 49707155 composite?
True
Is 1033271 a composite number?
False
Is 152533709 prime?
True
Is 5290631 composite?
True
Is 385253 a prime number?
False
Is 1219669 composite?
True
Is 14597447 a prime number?
True
Is 35234257 prime?
False
Is 12920791 prime?
False
Is 73807231 a composite number?
False
Is 21871207 a composite number?
False
Is 521815243 composite?
False
Is 495918317 a composite number?
False
Is 25711163 a composite number?
False
Is 497327 composite?
True
Is 7750069 a prime number?
True
Is 15351923 a prime number?
True
Is 636628099 a composite number?
False
Is 13342057 composite?
False
Is 136411 a composite number?
True
Is 33595973 prime?
False
Is 1668113 prime?
True
Is 27953989 a prime number?
False
Is 7207561 composite?
False
Is 21575189 a prime number?
True
Is 1183597 a composite number?
False
Is 31211833 a prime number?
False
Is 18683303 a composite number?
True
Is 11464661 prime?
False
Is 1283591 a composite number?
False
Is 14671549 a prime number?
True
Is 13927619 a composite number?
False
Is 2581437 a prime number?
False
Is 11785411 composite?
True
Is 4109221 composite?
True
Is 57764093 a prime number?
False
Is 4506841 prime?
True
Is 2199737 a composite number?
True
Is 4707449 a prime number?
True
Is 1155821 a composite number?
False
Is 468539111 composite?
False
Is 36840557 composite?
True
Is 19932713 a composite number?
False
Is 2401171 a composite number?
True
Is 622147949 composite?
False
Is 192445043 prime?
False
Is 570230171 prime?
False
Is 5990759 a prime number?
True
Is 28936059 a prime number?
False
Is 3901115 a prime number?
False
Is 134053958 prime?
False
Is 2091797 a prime number?
True
Is 147407521 a composite number?
True
Is 4530431 composite?
False
Is 92542001 a composite number?
False
Is 2220799 prime?
False
Is 143704273 a composite number?
True
Is 563461 prime?
False
Is 914429 prime?
True
Is 5543749 prime?
True
Is 2769397 composite?
True
Is 2563079 a composite number?
False
Is 1419469 composite?
False
Is 87269873 prime?
True
Is 19081547 a composite number?
False
Is 180500561 composite?
False
Is 4819889 a prime number?
True
Is 31904317 prime?
True
Is 70100545 a composite number?
True
Is 4489861 a prime number?
True
Is 6194029 a composite number?
False
Is 65455619 a prime number?
True
Is 83497534 prime?
False
Is 87311 prime?
False
Is 27123179 a composite number?
False
Is 319996147 a prime number?
False
Is 13716491 prime?
True
Is 2207159 a composite number?
False
Is 125335877 a composite number?
False
Is 93632281 a prime number?
True
Is 142509233 composite?
True
Is 162833081 a composite number?
False
Is 5200271 prime?
False
Is 7900033 a composite number?
False
Is 195504137 a prime number?
True
Is 58624915 composite?
True
Is 15088891 a composite number?
False
Is 834454 prime?
False
Is 10315859 a prime number?
False
Is 2666021 prime?
True
Is 1242487 prime?
True
Is 18663461 a composite number?
False
Is 11378127 a prime number?
False
Is 189648077 composite?
False
Is 71368637 a composite number?
True
Is 864744467 composite?
False
Is 1745287 a composite number?
True
Is 48155209 prime?
True
Is 833397601 prime?
True
Is 28100621 prime?
False
Is 206383